{"id":8026,"date":"2026-04-28T08:44:14","date_gmt":"2026-04-28T07:44:14","guid":{"rendered":"https:\/\/homemadeby.dk\/?post_type=tribe_events&#038;p=8026"},"modified":"2026-04-28T08:44:14","modified_gmt":"2026-04-28T07:44:14","slug":"homemade-co-holder-familieferie","status":"publish","type":"tribe_events","link":"https:\/\/homemadeby.dk\/index.php\/event\/homemade-co-holder-familieferie\/","title":{"rendered":"Homemade &#038; Co er p\u00e5 familieferie"},"content":{"rendered":"<p>Homemade &amp; Co tager p\u00e5 familieferie fra den 20. til den 27. september 2026<\/p>\n<p>Butikken er lukket, men webshoppen har \u00e5bent hele d\u00f8gnet:\u00a0<a href=\"https:\/\/homemadeby.dk\/index.php\/webshop\/\">https:\/\/homemadeby.dk\/index.php\/webshop\/<\/a><\/p>\n<p>Ordrene i uge 39 sendes f\u00f8rst fra den 28. september.<\/p>\n","protected":false},"excerpt":{"rendered":"<p>Homemade &amp; Co tager p\u00e5 familieferie fra den 20. til den 27. september 2026 Butikken er lukket, men webshoppen har \u00e5bent hele d\u00f8gnet:\u00a0https:\/\/homemadeby.dk\/index.php\/webshop\/ Ordrene i uge 39 sendes f\u00f8rst fra&#8230;<\/p>\n","protected":false},"author":1,"featured_media":8027,"template":"","meta":{"_tribe_events_status":"","_tribe_events_status_reason":"","footnotes":""},"tags":[1465,1516,1518,1515,1506,1510,1513,1505,1517,1512,1511],"tribe_events_cat":[1464],"class_list":["post-8026","tribe_events","type-tribe_events","status-publish","has-post-thumbnail","hentry","tag-butikken-holder-lukket","tag-familieferie","tag-familien-foerst","tag-ferie-i-september","tag-ferielukket","tag-god-sommer","tag-koeb-paa-nettet","tag-sommer","tag-vi-tager-afsted","tag-webshop","tag-webshoppen-er-aaben","tribe_events_cat-butikken-holder-lukket","cat_butikken-holder-lukket"],"yoast_head":"<!-- This site is optimized with the Yoast SEO plugin v27.5 - https:\/\/yoast.com\/product\/yoast-seo-wordpress\/ -->\n<title>Homemade &amp; Co holder familieferie<\/title>\n<meta name=\"description\" content=\"Homemade &amp; Co er p\u00e5 familieferie fra og med den 20. til den 27. september 2026. Til geng\u00e6ld har webshoppen \u00e5bent hele d\u00f8gnet!\" \/>\n<meta name=\"robots\" content=\"index, follow, max-snippet:-1, max-image-preview:large, max-video-preview:-1\" \/>\n<link rel=\"canonical\" href=\"https:\/\/homemadeby.dk\/index.php\/event\/homemade-co-holder-familieferie\/\" \/>\n<meta property=\"og:locale\" content=\"da_DK\" \/>\n<meta property=\"og:type\" content=\"article\" \/>\n<meta property=\"og:title\" content=\"Homemade &amp; Co holder familieferie\" \/>\n<meta property=\"og:description\" content=\"Homemade &amp; Co er p\u00e5 familieferie fra og med den 20. til den 27. september 2026. Til geng\u00e6ld har webshoppen \u00e5bent hele d\u00f8gnet!\" \/>\n<meta property=\"og:url\" content=\"https:\/\/homemadeby.dk\/index.php\/event\/homemade-co-holder-familieferie\/\" \/>\n<meta property=\"og:site_name\" content=\"Homemade By\" \/>\n<meta property=\"article:publisher\" content=\"https:\/\/www.facebook.com\/homemadebydotdk\" \/>\n<meta property=\"og:image\" content=\"https:\/\/homemadeby.dk\/wp-content\/uploads\/2026\/04\/Homemade-Co-familieferie-fra-20-til-27-september-2026.png\" \/>\n\t<meta property=\"og:image:width\" content=\"1080\" \/>\n\t<meta property=\"og:image:height\" content=\"1080\" \/>\n\t<meta property=\"og:image:type\" content=\"image\/png\" \/>\n<meta name=\"twitter:card\" content=\"summary_large_image\" \/>\n<script type=\"application\/ld+json\" class=\"yoast-schema-graph\">{\"@context\":\"https:\\\/\\\/schema.org\",\"@graph\":[{\"@type\":\"WebPage\",\"@id\":\"https:\\\/\\\/homemadeby.dk\\\/index.php\\\/event\\\/homemade-co-holder-familieferie\\\/\",\"url\":\"https:\\\/\\\/homemadeby.dk\\\/index.php\\\/event\\\/homemade-co-holder-familieferie\\\/\",\"name\":\"Homemade & Co holder familieferie\",\"isPartOf\":{\"@id\":\"https:\\\/\\\/homemadeby.dk\\\/#website\"},\"primaryImageOfPage\":{\"@id\":\"https:\\\/\\\/homemadeby.dk\\\/index.php\\\/event\\\/homemade-co-holder-familieferie\\\/#primaryimage\"},\"image\":{\"@id\":\"https:\\\/\\\/homemadeby.dk\\\/index.php\\\/event\\\/homemade-co-holder-familieferie\\\/#primaryimage\"},\"thumbnailUrl\":\"https:\\\/\\\/homemadeby.dk\\\/wp-content\\\/uploads\\\/2026\\\/04\\\/Homemade-Co-familieferie-fra-20-til-27-september-2026.png\",\"datePublished\":\"2026-04-28T07:44:14+00:00\",\"description\":\"Homemade & Co er p\u00e5 familieferie fra og med den 20. til den 27. september 2026. Til geng\u00e6ld har webshoppen \u00e5bent hele d\u00f8gnet!\",\"breadcrumb\":{\"@id\":\"https:\\\/\\\/homemadeby.dk\\\/index.php\\\/event\\\/homemade-co-holder-familieferie\\\/#breadcrumb\"},\"inLanguage\":\"da-DK\",\"potentialAction\":[{\"@type\":\"ReadAction\",\"target\":[\"https:\\\/\\\/homemadeby.dk\\\/index.php\\\/event\\\/homemade-co-holder-familieferie\\\/\"]}]},{\"@type\":\"ImageObject\",\"inLanguage\":\"da-DK\",\"@id\":\"https:\\\/\\\/homemadeby.dk\\\/index.php\\\/event\\\/homemade-co-holder-familieferie\\\/#primaryimage\",\"url\":\"https:\\\/\\\/homemadeby.dk\\\/wp-content\\\/uploads\\\/2026\\\/04\\\/Homemade-Co-familieferie-fra-20-til-27-september-2026.png\",\"contentUrl\":\"https:\\\/\\\/homemadeby.dk\\\/wp-content\\\/uploads\\\/2026\\\/04\\\/Homemade-Co-familieferie-fra-20-til-27-september-2026.png\",\"width\":1080,\"height\":1080,\"caption\":\"Homemade & Co er p\u00e5 familieferie fra 20. til 27. september 2026.\"},{\"@type\":\"BreadcrumbList\",\"@id\":\"https:\\\/\\\/homemadeby.dk\\\/index.php\\\/event\\\/homemade-co-holder-familieferie\\\/#breadcrumb\",\"itemListElement\":[{\"@type\":\"ListItem\",\"position\":1,\"name\":\"Hjem\",\"item\":\"https:\\\/\\\/homemadeby.dk\\\/\"},{\"@type\":\"ListItem\",\"position\":2,\"name\":\"Begivenheder\",\"item\":\"https:\\\/\\\/homemadeby.dk\\\/index.php\\\/events\\\/\"},{\"@type\":\"ListItem\",\"position\":3,\"name\":\"Homemade &#038; Co er p\u00e5 familieferie\"}]},{\"@type\":\"WebSite\",\"@id\":\"https:\\\/\\\/homemadeby.dk\\\/#website\",\"url\":\"https:\\\/\\\/homemadeby.dk\\\/\",\"name\":\"Homemade By\",\"description\":\"Designer, producerer og s\u00e6lger hjemmelavet kvalitetsh\u00e5ndv\u00e6rk, fx smykker, interi\u00f8r, pynt og gaveartikler\",\"publisher\":{\"@id\":\"https:\\\/\\\/homemadeby.dk\\\/#organization\"},\"potentialAction\":[{\"@type\":\"SearchAction\",\"target\":{\"@type\":\"EntryPoint\",\"urlTemplate\":\"https:\\\/\\\/homemadeby.dk\\\/?s={search_term_string}\"},\"query-input\":{\"@type\":\"PropertyValueSpecification\",\"valueRequired\":true,\"valueName\":\"search_term_string\"}}],\"inLanguage\":\"da-DK\"},{\"@type\":\"Organization\",\"@id\":\"https:\\\/\\\/homemadeby.dk\\\/#organization\",\"name\":\"HomemadeBy\",\"url\":\"https:\\\/\\\/homemadeby.dk\\\/\",\"logo\":{\"@type\":\"ImageObject\",\"inLanguage\":\"da-DK\",\"@id\":\"https:\\\/\\\/homemadeby.dk\\\/#\\\/schema\\\/logo\\\/image\\\/\",\"url\":\"https:\\\/\\\/homemadeby.dk\\\/wp-content\\\/uploads\\\/2021\\\/09\\\/Logo_green.png\",\"contentUrl\":\"https:\\\/\\\/homemadeby.dk\\\/wp-content\\\/uploads\\\/2021\\\/09\\\/Logo_green.png\",\"width\":65,\"height\":58,\"caption\":\"HomemadeBy\"},\"image\":{\"@id\":\"https:\\\/\\\/homemadeby.dk\\\/#\\\/schema\\\/logo\\\/image\\\/\"},\"sameAs\":[\"https:\\\/\\\/www.facebook.com\\\/homemadebydotdk\",\"https:\\\/\\\/www.instagram.com\\\/homemadeby.dk\\\/\"]}]}<\/script>\n<!-- \/ Yoast SEO plugin. -->","yoast_head_json":{"title":"Homemade & Co holder familieferie","description":"Homemade & Co er p\u00e5 familieferie fra og med den 20. til den 27. september 2026. Til geng\u00e6ld har webshoppen \u00e5bent hele d\u00f8gnet!","robots":{"index":"index","follow":"follow","max-snippet":"max-snippet:-1","max-image-preview":"max-image-preview:large","max-video-preview":"max-video-preview:-1"},"canonical":"https:\/\/homemadeby.dk\/index.php\/event\/homemade-co-holder-familieferie\/","og_locale":"da_DK","og_type":"article","og_title":"Homemade & Co holder familieferie","og_description":"Homemade & Co er p\u00e5 familieferie fra og med den 20. til den 27. september 2026. Til geng\u00e6ld har webshoppen \u00e5bent hele d\u00f8gnet!","og_url":"https:\/\/homemadeby.dk\/index.php\/event\/homemade-co-holder-familieferie\/","og_site_name":"Homemade By","article_publisher":"https:\/\/www.facebook.com\/homemadebydotdk","og_image":[{"width":1080,"height":1080,"url":"https:\/\/homemadeby.dk\/wp-content\/uploads\/2026\/04\/Homemade-Co-familieferie-fra-20-til-27-september-2026.png","type":"image\/png"}],"twitter_card":"summary_large_image","schema":{"@context":"https:\/\/schema.org","@graph":[{"@type":"WebPage","@id":"https:\/\/homemadeby.dk\/index.php\/event\/homemade-co-holder-familieferie\/","url":"https:\/\/homemadeby.dk\/index.php\/event\/homemade-co-holder-familieferie\/","name":"Homemade & Co holder familieferie","isPartOf":{"@id":"https:\/\/homemadeby.dk\/#website"},"primaryImageOfPage":{"@id":"https:\/\/homemadeby.dk\/index.php\/event\/homemade-co-holder-familieferie\/#primaryimage"},"image":{"@id":"https:\/\/homemadeby.dk\/index.php\/event\/homemade-co-holder-familieferie\/#primaryimage"},"thumbnailUrl":"https:\/\/homemadeby.dk\/wp-content\/uploads\/2026\/04\/Homemade-Co-familieferie-fra-20-til-27-september-2026.png","datePublished":"2026-04-28T07:44:14+00:00","description":"Homemade & Co er p\u00e5 familieferie fra og med den 20. til den 27. september 2026. Til geng\u00e6ld har webshoppen \u00e5bent hele d\u00f8gnet!","breadcrumb":{"@id":"https:\/\/homemadeby.dk\/index.php\/event\/homemade-co-holder-familieferie\/#breadcrumb"},"inLanguage":"da-DK","potentialAction":[{"@type":"ReadAction","target":["https:\/\/homemadeby.dk\/index.php\/event\/homemade-co-holder-familieferie\/"]}]},{"@type":"ImageObject","inLanguage":"da-DK","@id":"https:\/\/homemadeby.dk\/index.php\/event\/homemade-co-holder-familieferie\/#primaryimage","url":"https:\/\/homemadeby.dk\/wp-content\/uploads\/2026\/04\/Homemade-Co-familieferie-fra-20-til-27-september-2026.png","contentUrl":"https:\/\/homemadeby.dk\/wp-content\/uploads\/2026\/04\/Homemade-Co-familieferie-fra-20-til-27-september-2026.png","width":1080,"height":1080,"caption":"Homemade & Co er p\u00e5 familieferie fra 20. til 27. september 2026."},{"@type":"BreadcrumbList","@id":"https:\/\/homemadeby.dk\/index.php\/event\/homemade-co-holder-familieferie\/#breadcrumb","itemListElement":[{"@type":"ListItem","position":1,"name":"Hjem","item":"https:\/\/homemadeby.dk\/"},{"@type":"ListItem","position":2,"name":"Begivenheder","item":"https:\/\/homemadeby.dk\/index.php\/events\/"},{"@type":"ListItem","position":3,"name":"Homemade &#038; Co er p\u00e5 familieferie"}]},{"@type":"WebSite","@id":"https:\/\/homemadeby.dk\/#website","url":"https:\/\/homemadeby.dk\/","name":"Homemade By","description":"Designer, producerer og s\u00e6lger hjemmelavet kvalitetsh\u00e5ndv\u00e6rk, fx smykker, interi\u00f8r, pynt og gaveartikler","publisher":{"@id":"https:\/\/homemadeby.dk\/#organization"},"potentialAction":[{"@type":"SearchAction","target":{"@type":"EntryPoint","urlTemplate":"https:\/\/homemadeby.dk\/?s={search_term_string}"},"query-input":{"@type":"PropertyValueSpecification","valueRequired":true,"valueName":"search_term_string"}}],"inLanguage":"da-DK"},{"@type":"Organization","@id":"https:\/\/homemadeby.dk\/#organization","name":"HomemadeBy","url":"https:\/\/homemadeby.dk\/","logo":{"@type":"ImageObject","inLanguage":"da-DK","@id":"https:\/\/homemadeby.dk\/#\/schema\/logo\/image\/","url":"https:\/\/homemadeby.dk\/wp-content\/uploads\/2021\/09\/Logo_green.png","contentUrl":"https:\/\/homemadeby.dk\/wp-content\/uploads\/2021\/09\/Logo_green.png","width":65,"height":58,"caption":"HomemadeBy"},"image":{"@id":"https:\/\/homemadeby.dk\/#\/schema\/logo\/image\/"},"sameAs":["https:\/\/www.facebook.com\/homemadebydotdk","https:\/\/www.instagram.com\/homemadeby.dk\/"]}]}},"_links":{"self":[{"href":"https:\/\/homemadeby.dk\/index.php\/wp-json\/wp\/v2\/tribe_events\/8026","targetHints":{"allow":["GET"]}}],"collection":[{"href":"https:\/\/homemadeby.dk\/index.php\/wp-json\/wp\/v2\/tribe_events"}],"about":[{"href":"https:\/\/homemadeby.dk\/index.php\/wp-json\/wp\/v2\/types\/tribe_events"}],"author":[{"embeddable":true,"href":"https:\/\/homemadeby.dk\/index.php\/wp-json\/wp\/v2\/users\/1"}],"version-history":[{"count":1,"href":"https:\/\/homemadeby.dk\/index.php\/wp-json\/wp\/v2\/tribe_events\/8026\/revisions"}],"predecessor-version":[{"id":8028,"href":"https:\/\/homemadeby.dk\/index.php\/wp-json\/wp\/v2\/tribe_events\/8026\/revisions\/8028"}],"wp:featuredmedia":[{"embeddable":true,"href":"https:\/\/homemadeby.dk\/index.php\/wp-json\/wp\/v2\/media\/8027"}],"wp:attachment":[{"href":"https:\/\/homemadeby.dk\/index.php\/wp-json\/wp\/v2\/media?parent=8026"}],"wp:term":[{"taxonomy":"post_tag","embeddable":true,"href":"https:\/\/homemadeby.dk\/index.php\/wp-json\/wp\/v2\/tags?post=8026"},{"taxonomy":"tribe_events_cat","embeddable":true,"href":"https:\/\/homemadeby.dk\/index.php\/wp-json\/wp\/v2\/tribe_events_cat?post=8026"}],"curies":[{"name":"wp","href":"https:\/\/api.w.org\/{rel}","templated":true}]}}

Homemade &#038; Co er på familieferie

<p>Homemade &amp; Co tager på familieferie fra den 20. til den 27. september 2026</p>
<p>Butikken er lukket, men webshoppen har åbent hele døgnet: <a href="https://homemadeby.dk/index.php/webshop/">https://homemadeby.dk/index.php/webshop/</a></p>
<p>Ordrene i uge 39 sendes først fra den 28. september.</p>

<p>Homemade &amp; Co tager på familieferie fra den 20. til den 27. september 2026 Butikken er lukket, men webshoppen har åbent hele døgnet: https://homemadeby.dk/index.php/webshop/ Ordrene i uge 39 sendes først fra&#8230;</p>

<!-- This site is optimized with the Yoast SEO plugin v27.5 - https://yoast.com/product/yoast-seo-wordpress/ -->
<title>Homemade &amp; Co holder familieferie</title>
<meta name="description" content="Homemade &amp; Co er på familieferie fra og med den 20. til den 27. september 2026. Til gengæld har webshoppen åbent hele døgnet!" />
<meta name="robots" content="index, follow, max-snippet:-1, max-image-preview:large, max-video-preview:-1" />
<link rel="canonical" href="https://homemadeby.dk/index.php/event/homemade-co-holder-familieferie/" />
<meta property="og:locale" content="da_DK" />
<meta property="og:type" content="article" />
<meta property="og:title" content="Homemade &amp; Co holder familieferie" />
<meta property="og:description" content="Homemade &amp; Co er på familieferie fra og med den 20. til den 27. september 2026. Til gengæld har webshoppen åbent hele døgnet!" />
<meta property="og:url" content="https://homemadeby.dk/index.php/event/homemade-co-holder-familieferie/" />
<meta property="og:site_name" content="Homemade By" />
<meta property="article:publisher" content="https://www.facebook.com/homemadebydotdk" />
<meta property="og:image" content="https://homemadeby.dk/wp-content/uploads/2026/04/Homemade-Co-familieferie-fra-20-til-27-september-2026.png" />
	<meta property="og:image:width" content="1080" />
	<meta property="og:image:height" content="1080" />
	<meta property="og:image:type" content="image/png" />
<meta name="twitter:card" content="summary_large_image" />
<script type="application/ld+json" class="yoast-schema-graph">{"@context":"https:\/\/schema.org","@graph":[{"@type":"WebPage","@id":"https:\/\/homemadeby.dk\/index.php\/event\/homemade-co-holder-familieferie\/","url":"https:\/\/homemadeby.dk\/index.php\/event\/homemade-co-holder-familieferie\/","name":"Homemade & Co holder familieferie","isPartOf":{"@id":"https:\/\/homemadeby.dk\/#website"},"primaryImageOfPage":{"@id":"https:\/\/homemadeby.dk\/index.php\/event\/homemade-co-holder-familieferie\/#primaryimage"},"image":{"@id":"https:\/\/homemadeby.dk\/index.php\/event\/homemade-co-holder-familieferie\/#primaryimage"},"thumbnailUrl":"https:\/\/homemadeby.dk\/wp-content\/uploads\/2026\/04\/Homemade-Co-familieferie-fra-20-til-27-september-2026.png","datePublished":"2026-04-28T07:44:14+00:00","description":"Homemade & Co er på familieferie fra og med den 20. til den 27. september 2026. Til gengæld har webshoppen åbent hele døgnet!","breadcrumb":{"@id":"https:\/\/homemadeby.dk\/index.php\/event\/homemade-co-holder-familieferie\/#breadcrumb"},"inLanguage":"da-DK","potentialAction":[{"@type":"ReadAction","target":["https:\/\/homemadeby.dk\/index.php\/event\/homemade-co-holder-familieferie\/"]}]},{"@type":"ImageObject","inLanguage":"da-DK","@id":"https:\/\/homemadeby.dk\/index.php\/event\/homemade-co-holder-familieferie\/#primaryimage","url":"https:\/\/homemadeby.dk\/wp-content\/uploads\/2026\/04\/Homemade-Co-familieferie-fra-20-til-27-september-2026.png","contentUrl":"https:\/\/homemadeby.dk\/wp-content\/uploads\/2026\/04\/Homemade-Co-familieferie-fra-20-til-27-september-2026.png","width":1080,"height":1080,"caption":"Homemade & Co er på familieferie fra 20. til 27. september 2026."},{"@type":"BreadcrumbList","@id":"https:\/\/homemadeby.dk\/index.php\/event\/homemade-co-holder-familieferie\/#breadcrumb","itemListElement":[{"@type":"ListItem","position":1,"name":"Hjem","item":"https:\/\/homemadeby.dk\/"},{"@type":"ListItem","position":2,"name":"Begivenheder","item":"https:\/\/homemadeby.dk\/index.php\/events\/"},{"@type":"ListItem","position":3,"name":"Homemade &#038; Co er på familieferie"}]},{"@type":"WebSite","@id":"https:\/\/homemadeby.dk\/#website","url":"https:\/\/homemadeby.dk\/","name":"Homemade By","description":"Designer, producerer og sælger hjemmelavet kvalitetshåndværk, fx smykker, interiør, pynt og gaveartikler","publisher":{"@id":"https:\/\/homemadeby.dk\/#organization"},"potentialAction":[{"@type":"SearchAction","target":{"@type":"EntryPoint","urlTemplate":"https:\/\/homemadeby.dk\/?s={search_term_string}"},"query-input":{"@type":"PropertyValueSpecification","valueRequired":true,"valueName":"search_term_string"}}],"inLanguage":"da-DK"},{"@type":"Organization","@id":"https:\/\/homemadeby.dk\/#organization","name":"HomemadeBy","url":"https:\/\/homemadeby.dk\/","logo":{"@type":"ImageObject","inLanguage":"da-DK","@id":"https:\/\/homemadeby.dk\/#\/schema\/logo\/image\/","url":"https:\/\/homemadeby.dk\/wp-content\/uploads\/2021\/09\/Logo_green.png","contentUrl":"https:\/\/homemadeby.dk\/wp-content\/uploads\/2021\/09\/Logo_green.png","width":65,"height":58,"caption":"HomemadeBy"},"image":{"@id":"https:\/\/homemadeby.dk\/#\/schema\/logo\/image\/"},"sameAs":["https:\/\/www.facebook.com\/homemadebydotdk","https:\/\/www.instagram.com\/homemadeby.dk\/"]}]}</script>
<!-- / Yoast SEO plugin. -->

Homemade & Co er på familieferie fra og med den 20. til den 27. september 2026. Til gengæld har webshoppen åbent hele døgnet!

Homemade & Co er på familieferie fra 20. til 27. september 2026.

Designer, producerer og sælger hjemmelavet kvalitetshåndværk, fx smykker, interiør, pynt og gaveartikler
